. Let r be 19/((-380)/16)*(-30)/4. Is a(r) prime?
True
Suppose 6 = -2*j - 0*w - 3*w, -5*j + 3*w - 15 = 0. Let y(u) = 29*u**2 - 19*u - 4. Let l(i) = -15*i**2 + 10*i + 2. Let z(r) = 5*l(r) + 3*y(r). Is z(j) composite?
False
Let r(f) = 774*f + 1337. Is r(6) a composite number?
False
Let t = -3 - -7. Let v(c) = c**3 - 30*c**2 - c + 32. Let z be v(30). Suppose l - 2520 = -t*f, -z*l - 643 = -f + l. Is f composite?
False
Let x = 476287 - -960336. Is x a prime number?
True
Let h(l) = 28267*l + 1046. Is h(5) a composite number?
False
Suppose -85*t + 10715160 = 35*t. Is t a composite number?
False
Let y(p) be the second derivative of 0 + 14*p + p**3 + 17/2*p**2 + 1/10*p**5 - 1/2*p**4. Is y(9) a prime number?
False
Suppose 0 = 11*z - 9*z - 52910. Let l = z - 13776. Is l a prime number?
False
Let d(c) = -21*c**3 - 4*c**2 + 8*c - 33. Let g be (3/(-2))/(1/(80/15)). Is d(g) a prime number?
True
Suppose -4041 + 1032 = -3*s. Let r = 2177 - s. Is r a composite number?
True
Let k = -844 - -1297. Suppose 3*w - k = -6. Is w prime?
True
Let q(n) = n**3 + 20*n**2 - n - 32. Let r be q(-20). Is 219462/26 - (r - 616/(-52)) prime?
False
Let x be (-4 + 2)*-4*(1 + -2). Let w be 2/x*-2 + (-3)/(-6). Is ((-53)/4)/(w/(-92)) composite?
True
Let a(s) = 68285*s**2 + 61*s + 113. Is a(-2) composite?
False
Suppose -44*k + 574196 = -42*k + 2*x, 0 = 5*k - 4*x - 1435409. Is k composite?
True
Let q(i) = 348*i - 223. Let f = 491 + -469. Is q(f) prime?
True
Let d = 313 + -310. Suppose 2197 - 26638 = -d*j + 5*g, -2*j + 16294 = 3*g. Is j composite?
False
Let a = 3002 + -827. Let x = a - -1768. Is x a prime number?
True
Suppose -6*k = -131993 - 63889. Is k a composite number?
False
Let j(s) = s**3 + 5*s**2 + 13*s - 23. Let k be 6/51 - -3*720/136. Is j(k) a composite number?
True
Let i be 62/12 - 8*2/96. Suppose 3*b - c - 546 = 2*b, 0 = i*b - 3*c - 2720. Is b composite?
False
Is 340/272 + (-35358)/(-8) + 0 a composite number?
False
Is (-2 - (-541245)/25) + -8 + 216/30 prime?
True
Let j be (-1 + 2)/((-27)/6 + 4). Let n(f) = -880*f**2 + 2*f + 4. Let b be n(j). Let i = 2485 - b. Is i a prime number?
False
Let c(z) = 9*z**3 - 39*z**2 - 27*z - 115. Is c(36) prime?
True
Let d = 2649 + -1340. Let a = -17293 + 30342. Suppose 6*u = a + d. Is u a composite number?
False
Let l = 417391 + -267862. Is l composite?
True
Let r be 3 + -3 + (5 - 3). Is r*(9174/12 - 3) composite?
False
Suppose -4*f - 3*a = -51824, 2*f - 424*a + 427*a - 25906 = 0. Is f prime?
True
Let r(o) = -6*o + 61. Let h be r(12). Is -3 - (h + 966)/((-1)/4) a prime number?
False
Let p(s) = s**2 + 14*s + 30. Let n be p(-12). Is (4/n)/(2 - (-77376)/(-38691)) prime?
False
Let d(a) = -a**2 - a - 7. Let j be d(-5). Suppose 5*q = 5*w + 1094 - 209, 2*q + 334 = -2*w. Is (j - -26)*(w/(-2))/(-2) prime?
True
Suppose -10 = -2*z - 2*i - 2*i, 2*z - 18 = 4*i. Suppose -z*o = -0*o - 5705. Suppose 0*w - o = -5*w. Is w prime?
True
Let t(z) = 286*z**3 - z**2 + 4*z - 2. Let g(w) = -6*w**2 - w + 1. Let q be g(1). Let v = 7 + q. Is t(v) a prime number?
False
Let h(g) = -g**2 + g + 35. Let j be h(0). Let q be (-1)/(21/(-900)) + 5/j. Let b = 80 - q. Is b a composite number?
False
Suppose 3*k = -2*n + 12, -7*n + 9*n + 4 = 5*k. Is (-1)/k*(9 - (3889 + 6)) a prime number?
False
Let x = 35 - 38. Let o be (-20)/8*-2*x/(-3). Suppose 2*f - 2723 = -o*f. Is f a prime number?
True
Suppose 16*j - 20*j + 56 = 0. Is 13888/(j - 6) - 1 prime?
False
Let j(c) = -4*c + 10. Let h be j(-6). Let f = -33 + h. Suppose 5*z - 19 - f = 0, -3*z - 146 = -2*v. Is v a prime number?
True
Let h(v) = -41*v - 76. Let c be h(-2). Suppose -c*y + 55342 = 6964. Is y a prime number?
False
Let k = 9113 + -4013. Suppose 4*x + 2*x + k = 0. Is (2*10/8)/((-25)/x) prime?
False
Suppose 2*b - 3915 = -2*i + 5*b, -3*i + 5*b = -5870. Suppose 4*k - o = i, 5*k + o - 2*o - 2456 = 0. Is k composite?
False
Let o(l) = -l**3 + 9*l**2 - 2*l + 22. Let g be o(9). Suppose 0 = g*d + 7*d - 220. Let s = d - -95. Is s prime?
False
Suppose 34*u - 19*u = -26*u + 44735879. Is u prime?
True
Let o = 3873 - 9770. Let r = -4190 - o. Is r composite?
True
Suppose -w - 24658 = -5*c, -7*c + 4946 = -6*c - 5*w. Let s = -2836 + c. Is s composite?
True
Is (6155 - -8)*(-10 - -11) a prime number?
True
Suppose 25 = 5*t + 5*a, 5*t - 55 = 2*a + 5. Suppose -9*b - 5*m - 208 = -t*b, 3*b + 3*m - 678 = 0. Is b a composite number?
False
Let w(n) = 656666*n + 1485. Is w(1) a composite number?
True
Suppose 10 = -123*c + 128*c. Suppose -n - v + 3820 = 301, -5*n + 17589 = c*v. Is n composite?
False
Let x be (-1)/8 + (-1389606)/(-48). Suppose 0 = -2*b + 2*c + 14474, 4*b - 7*c - x = -2*c. Is b a prime number?
False
Let g(h) = 40*h + 3. Let x be g(-1). Let d = x + 87. Let t = d + 29. Is t composite?
False
Let g(q) = 0 + 68*q**2 + 3*q - 30*q**2 - 6*q - 21. Let x be g(6). Suppose 5*j + x = 8*j. Is j a prime number?
True
Let p be 1956/(-1141)*14/(-3). Let v(s) be the third derivative of 137*s**4/24 - 23*s**3/6 - 2*s**2. Is v(p) composite?
True
Let g(r) = -7*r - 5. Let q be g(-2). Suppose 2*s = 4*s + 4*x + 14, q = -3*x. Is 15096/12 + s + 1*-2 composite?
True
Let s = 36770 - 15045. Suppose -30*j = -5*j - s. Is j prime?
False
Let v be 10/(-25) - (-2 + (-21)/15). Suppose 4*m + 3365 = 2*p + v*p, 0 = -3*p - 2*m + 2019. Is p prime?
True
Suppose 3*m - 3*g = -0 + 3, -g = 0. Suppose 13*c + 1 = m. Suppose -2*d + 10*d - 520 = c. Is d a composite number?
True
Is -3 + (2681504/(-40))/((-4)/10) a composite number?
True
Let m(z) be the second derivative of 25*z**4/3 + 2*z**3 + 41*z**2/2 + 2*z + 87. Is m(-15) a composite number?
True
Let m be 481/(-169) - (-6)/(-39). Is (m - 1)*1 + 2023 a composite number?
True
Suppose -64*v + 984408 = -2853928. Suppose 5*p - x - 74977 = 0, 2*x = -4*p - x + v. Is p prime?
False
Let s(g) = -3*g + 18. Let o be s(5). Suppose 2*i - o*c = 21, -3 = 2*i + 2*c + 3*c. Suppose 24800 = i*j - 17542. Is j prime?
True
Suppose -3*b - 12 = -2*n - n, -b + 5*n - 20 = 0. Let p(u) = 7*u**2 + 7*u + 763. Let j(f) = 6*f**2 + 6*f + 764. Let o(t) = 6*j(t) - 5*p(t). Is o(b) composite?
False
Suppose 3*v - 1029914 = -5*o, -2*o + 686608 = -169*v + 171*v. Is v prime?
True
Let c = -921 - -54. Let s = -5357 + 5372. Is 6/s*20/(-2) - c a prime number?
True
Suppose -2*s + 2*k = 2, -s - 3 = -4*k - 8. Let h be -25*(-4 + 6 + s). Suppose -h = -q + 942. Is q a composite number?
False
Let m = -33 + 33. Suppose -3*x = -m*x - 12. Is (-15 + 9)/(x/2) + 145 a composite number?
True
Is (42/18)/((-294)/(-23164974)) a prime number?
False
Let t(r) = -r**2 - r - 24. Let i(a) = -a**2 - 11*a. Let b be i(-11). Let x be t(b). Let g = 103 + x. Is g composite?
False
Suppose -4*m = -1906 - 1686 - 2452. Is m a composite number?
False
Let c be (5/2 - 4)/(2/(-404)). Suppose -3*d - 3*s = -4*s - c, -s + 411 = 4*d. Suppose -9*w + d = -7*w. Is w a composite number?
True
Suppose -5*t = -h - 2*h - 8580, -3*t = 2*h - 5129. Suppose k - p = 3*k - t, -k + 859 = p. Suppose -3*l = -k - 2509. Is l a prime number?
False
Let o = -143686 + 269783. Is o prime?
True
Suppose -b + 3 = 0, -5*m + b = -499669 + 113432. Suppose 20466 - m = -22*r. Is r a composite number?
True
Is 2/(-18) + 85*429154/495 composite?
False
Let q = -2288 + 495. Let s = 3978 - q. Is s a composite number?
True
Suppose -i = -3*y - 56, -i - 3*y + 3 = -71. Let d = 65 - i. Is d/(-1) + (-839)/(-1) prime?
True
Suppose 21*q - 19578 = -5004. Is q prime?
False
Suppose 0 = 2*m - 4 - 6, -2*m = 5*a - 50. Suppose a = 6*i - 10. Suppose 894 = i*j - 855. Is j composite?
True
Let s(q) = 87888*q**2 - 269*q - 539. Is s(-2) prime?
True
Let f(g) = -301*g**3 - 10*g**2 - 42*g - 267. Is f(-8) prime?
False
Suppose 5*z - 660 = -5*o, 120 = z + o - 6*o. Let u = 187 - z. Is u prime?
False
Let f(c) be the second derivative of -589*c**5/60 - c**4/24 - 11*c**3/6 - 37*c. Let j(y) be the second derivative of f(y). Is j(-4) prime?
False
Suppose 2 + 13 = 5*r. Suppose 0*n + 3*n - 1890 = -2*z, -z = r. Let i = n + 125. Is i a prime number?
True
Suppose b = n + 3*n - 22, 4*b - 12 = -4*n. Suppose -4*s - 2 = 10, -n*c = 2*s - 7764. Is 5*(4 + c/10) prime?
True
Is (25301/2)/(6/84*7) a composite number?
False
Suppose -4*p - 3*g - 135754 + 869806 = 0, 2*p - 5*g = 366974. Is p composite?
True
Suppose 0 = -34*h + 31*h - 5*t + 189816, -5*h + 3*t + 316326 = 0. Is h a composite number?
True
Suppose t